66. What is the tens digit of l?
1
Let h be ((-1002)/4*1)/(1/(-2)). Let v = 297 + h. What is the units digit of 2/(-6) - v/(-18)?
4
Let w = 17579 - 9603. What is the thousands digit of w?
7
What is the thousands digit of (-5643898)/(-904) + 26/(-8)?
6
Let f = -26326 - -37698. What is the hundreds digit of f?
3
Let b(k) = 2*k**2 + 11*k - 5. Suppose 3*i - 6 = -4*q + 8*i, 0 = 2*i - 4. Suppose 0 = q*t - 105 + 165. What is the hundreds digit of b(t)?
2
Let x(m) = 200*m**2 + 13*m - 60. What is the tens digit of x(-6)?
6
Suppose -143728 = -62*z + 46*z. What is the units digit of z?
3
Let l(k) = -k**3 - 28*k**2 - 54*k - 23. Let q(r) = 24*r**3 - r**2 - 1. Let a be q(-1). What is the units digit of l(a)?
9
Let t be (-5315)/(-10) - (-3)/(0 + 6). Suppose 140 = -2*m + t. Suppose 17*r - 21*r = -m. What is the units digit of r?
9
What is the tens digit of ((-215810)/(-18) - -2) + 260/(-585)?
9
Suppose 14*l + 12*l = 3796. Let z = l - 53. What is the tens digit of z?
9
Let h(r) = 2156*r**3 - 3*r**2 + r + 47. What is the ten thousands digit of h(3)?
5
Let z be (-3)/4 + 210/24. Let q(f) = 6*f + 26. Let u be q(z). Suppose j + u = 244. What is the hundreds digit of j?
1
Let s(d) = d**3 - 3*d**2 - 2*d - 6. Let q be s(5). Suppose 4*z - q*z + 20430 = 0. What is the tens digit of z?
8
Suppose -3*w - x = -44772, -7*w - 60495 + 164965 = 2*x. What is the ten thousands digit of w?
1
Suppose -25*m - 7186 + 153036 = 0. What is the thousands digit of m?
5
Suppose 5*d = 7*d - 20. Let v be d/25*5 + 1. Suppose -3*p + 327 = 4*o, v*o + 2*o + p - 395 = 0. What is the tens digit of o?
7
Suppose -3*p = 9, 269547 = 26*u - 30*u - 5*p. What is the thousands digit of 4/(-7) + u/(-63)?
1
Let n(x) = -10*x + 3049 - 9*x - 3048 + 4*x. Let y = 4 - 6. What is the units digit of n(y)?
1
Let k(j) = 5*j - 67. Let b be k(12). What is the tens digit of -3 - (7 + b) - -68?
6
Let y(o) = -o - 21. Let u be y(-23). Suppose -4*z + 8*h = 3*h - 709, -332 = -u*z - 2*h. What is the hundreds digit of z?
1
Let h be (-19)/(-4) - 1/(-4). Let o = -1352 + 1407. Suppose -10*r + o = -h*r. What is the units digit of r?
1
Suppose -115*x = 95*x - 7343700. What is the hundreds digit of x?
9
Let u be (0 - -3) + -6 - (-2 + -48). Suppose 12*j = u - 791. Let c = 184 + j. What is the tens digit of c?
2
Let a = 106 + -98. Suppose 2*z + 4*c = 48, -5*z = -3*c - a - 86. What is the tens digit of z?
2
What is the tens digit of (-2)/(-20)*(-2 - -4) + (-11113380)/(-725)?
2
Let j = -104 - -128. Let p = j + 10. Suppose -2*x + p + 128 = 2*s, -s + 243 = 3*x. What is the units digit of x?
1
Let c(w) = 22*w**3 - 5*w**2 + 3*w - 4. Let p be c(2). Suppose -k + 30 = -p. What is the tens digit of k?
8
Suppose -3*s - 2*s + 130 = 0. Let w be 4/(-3)*1197/84. Let j = w + s. What is the units digit of j?
7
Let o(k) = k + 50*k + 4*k - 3. Let m be o(-1). Let g = -53 - m. What is the units digit of g?
5
Let p(a) = 4109*a + 310. What is the hundreds digit of p(2)?
5
Let y = -3474 - -7996. What is the hundreds digit of y?
5
Suppose 9*j - 5*j = 3*n - 33, -5*n = -j - 72. Suppose 7*l + n = 4*l, 4*o - l = 349. What is the tens digit of o?
8
Let x(b) be the second derivative of -b**3/6 + 11*b**2/2 + 16*b. Let g be x(4). Suppose -2*n - g = -4*o + 7, 5*n - 5 = 2*o. What is the units digit of o?
5
Let m be (-1944)/(-4) - 4/(-2). Suppose -15*s = -m - 3847. What is the hundreds digit of s?
2
Let r(p) = -7*p + 11. Let m(v) = 3*v - 28. Let t be m(12). Suppose 65 = 3*h - t*h. What is the tens digit of r(h)?
0
Let f(y) = 6*y**2 + 1. Let g be f(-1). Suppose -5*a + 19 = g*t - 6*t, 0 = -4*t - 5*a + 91. What is the units digit of t?
4
Let v(u) = u**3 + 19*u**2 + 2*u + 38. Let h be v(-19). Suppose h = 2*o - 2 + 14. What is the hundreds digit of 229/2 + 3/o?
1
Suppose 0 = -2*y + 11*y - 54. Let o be 1*(y + -4)*-2 + 19. Suppose -o = 5*b - 270. What is the units digit of b?
1
Suppose -86*n - 1615 = -81*n. Let h = n - -1281. What is the hundreds digit of h?
9
Suppose -3*i = -43 - 53. Suppose 54 = 4*z - 2*t, z - 3*z = -2*t - i. Suppose 568 = z*q - 444. What is the units digit of q?
2
Let g = 29989 + -20608. What is the tens digit of g?
8
Suppose 7*i + 1145 = 12*i + 5*x, -4*x - 659 = -3*i. Let m be 2*((-25)/2)/(-5). What is the units digit of ((-12)/m)/((-10)/i)?
4
Let a(k) = 2126*k**2 + 23*k - 36. What is the hundreds digit of a(-3)?
0
Let u be (0 + -1)*119 + 5/(-5). Let q = u - -122. Suppose 2*b - 62 = h - 3*h, -4*h = -q*b - 100. What is the tens digit of h?
2
Let l be ((-190)/10)/(1/(-5)). Let b = l - 581. What is the units digit of (-3 + b/12)/(1/(-2))?
7
Suppose 6*m - 14*m + 197820 = 12*m. What is the hundreds digit of m?
8
Let v(n) = 2*n**2 + 33*n**3 - 17*n**2 + 11*n - 32*n**3 + 48. Let l be v(14). What is the tens digit of 2*(0 + (4 - l)) + 98?
9
Suppose 2*h + 3*h = -50. Let g = -2 - h. Suppose -g*m + 10*m = 120. What is the units digit of m?
0
Let l be 105/12 + (-11)/(-44). Suppose 5*r + l = -11, -4*j + 8 = -r. What is the hundreds digit of (3 + (j - 12))*(-32)/2?
1
Let z(k) = 36680*k + 592. What is the tens digit of z(1)?
7
Suppose -5*b - 6*v + 5*v = -25, -v = -4*b + 29. What is the units digit of (-690)/(-2) + b + -5?
6
Suppose -2*v - 3*p + 55689 + 33751 = 0, -5*v + 5*p + 223525 = 0. What is the ten thousands digit of v?
4
Let p be (10/(80/12))/((-3)/32). Let b = 172 - p. What is the tens digit of b?
8
Suppose 4*l + 4*h + 0*h = 280, 0 = -2*l + 5*h + 175. Suppose -397 = -7*v - l. What is the units digit of v?
6
Suppose 4*g + s = 3391, 5*g + 3*s + 2268 - 6512 = 0. What is the hundreds digit of g?
8
Suppose 29*d + 16 = 74. What is the hundreds digit of (((-36)/(-5))/6)/(d/1245)?
7
Let k = 30445 - 15761. What is the ten thousands digit of k?
1
Let x(m) = m**2 - 6*m + 13. Let p be x(5). Suppose p*q - 2141 - 355 = 0. What is the units digit of q?
2
Let u(s) = 3*s**3 + 4*s**2 - 10. Let x(d) = 8*d**3 + 8*d**2 - d - 20. Let b(t) = -5*u(t) + 2*x(t). What is the hundreds digit of b(8)?
2
Let g be 154 + (20/(-28) - 4/14). Suppose -5*h - g = -4*z, 4*z + h = -0*z + 123. Suppose l = 2*c - 34, 0 = 2*c + 4*l - 12 - z. What is the tens digit of c?
1
Suppose -3*o = -4*s + 72, -3*s - 89 = 4*o - 6*s. Let l be 104/10*o/(-8). Suppose -2*t + l = -14. What is the tens digit of t?
2
Suppose 0 = -9*u - 15 + 78. Let r(t) = -t**3 + 5*t**2 + t + 14. Let n be r(u). Let h = 101 + n. What is the units digit of h?
4
Suppose 11*v = 6*v + x + 716, -4*x + 304 = 2*v. Suppose 0*m - m = -v. What is the tens digit of m?
4
Let w be (-5 + 6)*(5 + 16). What is the tens digit of (w/(-5))/(4/(-720))?
5
Let x = 388 - 616. Let t = -17 - x. Suppose -s = 5*k - t - 355, 0 = 4*s - 4. What is the tens digit of k?
1
Let o be -1 - 5 - 3249/9. Let s = o + 925. What is the units digit of s?
8
Let g(d) = d**3 - 28*d**2 + 29*d - 34. Let y be g(27). Suppose 0 = -5*x + 3*x - 804. What is the units digit of (x/y - 24/60)*-4?
2
Let r(i) = -i**3 - 25*i**2 + 304*i - 42. What is the hundreds digit of r(-46)?
4
Let t(q) = 7*q**2 + 10*q - 55. Let v(z) = -3*z**2 - 5*z + 28. Let d(w) = -2*t(w) - 5*v(w). Let k be d(12). Let y = k - 101. What is the units digit of y?
3
What is the units digit of (755 - 0 - -2) + 3/1?
0
Let z(g) = -5*g - 36. Let o be z(7). Let v = o + 155. Suppose -v*r + 664 = -80*r. What is the tens digit of r?
6
What is the thousands digit of ((875178/(-24))/(-19))/(-7*4/(-336))?
3
What is the thousands digit of 4147 + (-82)/(-123) + (-22)/6?
4
Let b = 30 - 36. Let y be (188 + -2)/(-5 - (b - 0)). Let f = y + 65. What is the hundreds digit of f?
2
What is the hundreds digit of (-13424345)/(-1100) + (-1)/(-20)?
2
Suppose 127*r - 126*r = 3*b + 16116, -b - 48396 = -3*r. What is the thousands digit of r?
6
Suppose 5*v = -5*b - 3 - 7, -2*v = 5*b - 2. Suppose 4*j + k + 187 + 44 = 0, -5*j - 305 = -b*k. Let o = 68 - j. What is the tens digit of o?
2
Let g be -120*(-3)/(-4)*2. Let n = 671 + g. What is the units digit of n?
1
What is the ten thousands digit of -7*(-34)/(-119) - -34492?
3
Suppose 13 + 85 = 2*t. Suppose 45*x - t*x = 0. Suppose x*y + 94 = y. What is the tens digit of y?
9
Suppose 56 - 323 = -w. Suppose -12*n + 177 = -w. What is the tens digit of n?
3
Suppose 3*j - l = 343, -j = -3*j - 5*l + 257. Suppose g + 3*k - 78 = 0, -2*g + 54 + j = -k. Suppose 0*u - g = -u. What is the tens digit of u?
8
Let n(r) = -r**3 - 1